+ 2 - 5*v**2 - v**3 - 6*v - 9*v. What is the units digit of h(k)?
2
Let w(r) = -r**2 + 11*r - 34. Let d be w(8). What is the tens digit of d/(-1)*32/120*33?
8
Let w be 3/((-9)/(-363)) - 2. Let c = w - 69. What is the units digit of c?
0
Let v = 84 - -889. What is the units digit of v?
3
Suppose -5*o - 2*h + 285 = 0, -h + 114 = 2*o - 4*h. Suppose -o*m = -53*m - 152. What is the tens digit of m?
3
Let w = 1335 - 671. What is the hundreds digit of w?
6
Suppose 0 = 39*d + 7*d - 216844. What is the units digit of d?
4
Suppose 9538 = 8*j + 11*j. Let g = j + -343. What is the tens digit of g?
5
Let h be -1*1*70/14. Suppose 3*u - 84 = u. Let a = h + u. What is the units digit of a?
7
Let z(p) = -1. Let o(y) = -18*y**2 - 4*y + 1. Let m(s) = -o(s) + 4*z(s). What is the units digit of m(2)?
5
Let c = -1343 - -2393. What is the tens digit of c?
5
Suppose -4*v = o - 677 - 872, -3*v + 1159 = -2*o. What is the tens digit of v?
8
Let h = 7 - 43. Let u be (h/14)/((-3)/28). What is the units digit of u + -1 - (2 - 2)?
3
Let w be (-1465)/20 + 5/4. What is the units digit of w*1*(-1)/2?
6
Let a(f) = 7*f**2 + 81*f - 23. Let s be a(-12). Suppose -4 + 0 = m. Let u = m + s. What is the units digit of u?
9
Suppose -2*p - 2*b - 10 - 2 = 0, 0 = 5*p + 3*b + 38. Suppose 0 = 6*x + 50 + 238. What is the units digit of p/(-70) + x/(-7)?
7
Let j = -6 - -12. Let k = -4 + j. Let w = k - -16. What is the tens digit of w?
1
Let a = 694 + -341. What is the tens digit of a?
5
Suppose 2*q = -0*q + 1984. Suppose -5*m + 73 + q = 0. What is the tens digit of m?
1
Let q = 30 + -28. Suppose -101 = -q*v - 1. What is the tens digit of v?
5
Let a = -7 + 17. Suppose -5*p = -6*p + a. What is the units digit of p?
0
Let x = 27 + -27. Suppose x = -4*o + 201 + 111. What is the units digit of o?
8
Suppose 0 = -3*c + 7*c - 400. Suppose -c = 2*l - 7*l. What is the units digit of l?
0
Let z(w) = -w**2 - w. Let c be z(-1). Let n be ((-18)/7)/((-6)/(-28)). What is the tens digit of (6 + c)/((-2)/n)?
3
Suppose 3*m + 1 = 3*d - 5, 10 = 5*d. Suppose 3*h + 2*p = 390, 5*h + m*p = 2*p + 666. What is the units digit of h?
2
Suppose 0 = 18*n - 12*n - 3450. What is the units digit of n?
5
Suppose -360 = -2*v - 4*n, -5*n = -3*n. What is the hundreds digit of (v + -1)*(-32 - -33)?
1
Let d = 0 - -5. Let u = 41 - d. What is the tens digit of u?
3
Let h(n) = -n + 3. Let v be h(1). Let w(f) = f**3 - 6*f**2 - 8*f + 8. Let i be w(7). What is the units digit of (i + 25)*1/v?
3
Let m(l) = 23*l**3 - 1. Let w = 11 + -13. Let u be w + 4 - (0 - -1). What is the tens digit of m(u)?
2
Let o(i) be the first derivative of i**2 + 9*i - 18. What is the units digit of o(6)?
1
Let v(x) be the first derivative of x**3/3 + 15*x**2/2 + 19*x + 10. What is the units digit of v(-14)?
5
Let d(w) = w**2 + 4*w + 6. Suppose 4*m = 9 - 5. Let t be -4 + (2/(-1) - m). What is the tens digit of d(t)?
2
Let g(z) = -z + 16. Let r be g(11). Suppose r*h + l + 2*l = 107, l + 1 = 0. What is the tens digit of h?
2
Suppose -2 = -3*w + 4. Let n be (-33)/((-3 - -1)/w). Let u = 68 - n. What is the units digit of u?
5
Let j = 20 - 15. Suppose -3*b = h + 2*h + 42, -j*h + 3*b = 62. What is the tens digit of (1 + h)*(-6)/4?
1
Suppose 2 = -o + 3*o. What is the units digit of o + (-16)/(-12)*48?
5
Let a(z) = -z**3 - 8*z**2 + 3*z + 15. Let g be a(-8). Let d(p) = 3*p**2 + 7*p - 27. What is the hundreds digit of d(g)?
1
Suppose -5*l + 23 = 88. Let a = l - -13. Suppose a = -q - 8 + 16. What is the units digit of q?
8
Let g = -7557 - -10726. What is the tens digit of g?
6
Suppose 0 = b - 6*b + 45. Let p(r) = r**2 - 2*r - 1. Let x(u) = -2*u**2 + 11*u - 12. Let c(l) = -p(l) - x(l). What is the units digit of c(b)?
3
Suppose -1 = s - 2*k - 4, -3*k = -3. Suppose 5*d + 6 = c - 8, -41 = -s*c - 4*d. What is the units digit of c?
9
Suppose 2*g + 4*y = 7*g - 1739, -4*g - 3*y = -1385. What is the hundreds digit of g?
3
Suppose 7*v - 827 = 1812. What is the units digit of v?
7
Suppose -5*r - 305 - 862 = -3*j, 2*j - 783 = 5*r. What is the units digit of j?
4
Let p(o) = 15*o - 2. Suppose 0 = -7*d + 3*d - 8. Let l be p(d). Let a = -14 - l. What is the units digit of a?
8
Let f(t) = -6*t**2 - 81*t - 4. What is the tens digit of f(-10)?
0
Let q be (-2)/(1/2 - (-19)/(-30)). What is the tens digit of -2 - (-39)/q - 1624/(-35)?
4
Let f = 2953 + -1197. What is the hundreds digit of f?
7
What is the hundreds digit of (631 + 0)/(3 - (9 - 7))?
6
Let p(q) = q**3 - 6*q**2 + 4*q + 6. Suppose -9*z = -14*z + 25. Let b be p(z). Let i(r) = 41*r + 1. What is the units digit of i(b)?
2
Let j be (3 - 1)*(-5)/(-2). Suppose 0*g = j*g - 305. What is the units digit of g?
1
Let t be 2/(-4)*1*8. Let v = 32 + t. What is the units digit of v?
8
Suppose 4*j - 26 - 362 = 0. What is the units digit of j?
7
Let v(y) = -y**2 + 4*y + 6. Let b be (-3 + 5)*10/4. Suppose -b*k + 6 = -3*k. What is the units digit of v(k)?
9
Let a be 45/9 + (-2)/(-1). Let m(u) = u**2 + 0 + a + 4*u**2 + 10*u - 2*u**2. What is the tens digit of m(-5)?
3
Let s(i) be the third derivative of i**4/12 - i**3/3 + i**2. Let w be s(2). Suppose 4*r + w*g - 73 = 49, -90 = -3*r - g. What is the tens digit of r?
2
What is the tens digit of (-3)/(-5) + 3 + (-414)/(-10)?
4
Suppose 0 = 4*t - 3*t + 4*l - 410, 5*l = -t + 411. What is the units digit of t?
6
Suppose 23*l - 46*l + 21045 = 0. What is the units digit of l?
5
Let q be 2/(-11) + -46*18/44. Let h(s) = -s**3 - 6*s**2 - s + 6. Let r be h(-5). Let o = r - q. What is the units digit of o?
5
Suppose -2*t = -3*d - 7 + 6, 4*d + 2*t - 8 = 0. What is the units digit of d?
1
Suppose -4*g + 3985 = -4275. What is the units digit of (1/5)/(7/g)?
9
Let y = -1132 - -2345. What is the hundreds digit of y?
2
Let h(c) = -2*c - 4*c**3 + 0*c**3 - 7*c - c**3 - 5. What is the units digit of h(-3)?
7
Let x(g) = 4*g**2 - 7*g - 3. Let u be 0 - (-9)/(1 - 4). Let f be 5*u/(-30)*10. What is the tens digit of x(f)?
6
Let z be (-8)/(-28) + (-86)/7. Let r = -2 - z. Let m = 15 - r. What is the units digit of m?
5
Let h(f) = -f**2 + 2*f + f**3 - 2*f**3 + 2 + 5*f. What is the units digit of h(-6)?
0
Let a(g) = 7*g - 8 + 2 - 4 + 2*g - g**2. Let m be a(7). Let h = 8 - m. What is the units digit of h?
4
Suppose u + 0*u + 3 = 0, -4*u = 4*q - 1748. Suppose 15*n + q = 19*n. What is the hundreds digit of n?
1
Let a(q) = 96*q - 4. What is the units digit of a(1)?
2
Suppose q = 4 - 1. Suppose 0 = -3*c - t + 12, 4 = 2*c - c + q*t. Suppose n = c*n - 75. What is the units digit of n?
5
Let u = -182 - -1810. What is the units digit of u?
8
Let a = 7 + -1. Let p = -22 - -30. Let h = p - a. What is the units digit of h?
2
Suppose -7*k = -3*k + 108. Let i = k - -42. Suppose 3*x = -i, -q - 56 = -2*q + 5*x. What is the units digit of q?
1
Suppose 0*w + 5*a - 58 = w, -5*w = 5*a + 350. What is the tens digit of (w/3)/4*-15?
8
Let y(c) = -c**2 - 11*c - 11. Let i be y(-9). Let x(l) = -4*l - 4. Let b(w) = 9*w + 9. Let o(f) = i*x(f) + 3*b(f). What is the units digit of o(-10)?
9
Let v(i) = i**3 + 3*i**2 - i + 1. Let w be v(-3). Suppose w*h - 11 = -5*m, 2*h = 4*m + 3*h. What is the units digit of m*3 - (-5 - 2)?
4
Let h = 48 - 51. What is the tens digit of 2 + ((-518)/(-6) - 2/h)?
8
Let a(m) = 2*m**2 + m. Let i be a(1). Suppose -b + i*b = 24. Suppose b = -c + 13. What is the units digit of c?
1
Suppose 5*n - 4*f = -115, 0 = n + 2*f + f + 23. Let y(k) = k**3 + 10*k**2 + 14*k + 8. Let i be y(-9). Let q = n - i. What is the units digit of q?
4
Let t(u) = -5*u**3 - 12*u**2 - 18*u + 24. What is the hundreds digit of t(-6)?
7
Suppose k - 3*k = o + 297, 4*k = -4*o - 1208. Let r be (-6)/15 + o/(-5). Let t = r + -18. What is the tens digit of t?
4
What is the tens digit of (6/4)/((-54)/(-4680))?
3
Suppose 0 = -4*v + 3 + 5. Suppose -v*a = -22 - 12. What is the tens digit of a?
1
Suppose -682 = -14*p + 12*p - 2*h, -p + 5*h + 353 = 0. What is the units digit of p?
3
Suppose 3 = z, 2*z + 864 = -3*w + 6*w. What is the hundreds digit of w?
2
Suppose 29*d - 2536 = 25*d. What is the tens digit of d?
3
Let t(d) = -17*d**2 + 2*d - 1. Let g be t(1). Let u be ((-12)/(-8))/((-12)/g). What is the tens digit of (u - 114/(-4))*2?
6
Suppose -5*l + 84 = 3*z, -3*z = -0*l - l - 84. Suppose 2*h + 19 = 4*o - 21, -h = 2*o - z. Let j = o + -11. What is the units digit of j?
1
Let 